e the highest common factor of w and t.
1
Let m be (-8)/(-4) + 1 + 1. Suppose -m*l - 5 = -25. Suppose k - 6 = -p + l, 0 = 5*p + 4*k - 59. Calculate the greatest common divisor of 10 and p.
5
Let p(h) = -h**3 + 6*h**2 + 2*h - 8. Let f(o) = -o**3 + 4*o**2 - o. Let a be f(2). Let w be p(a). What is the highest common divisor of w and 2?
2
Suppose 2*l - 16 = 2*x, -l + 6*l = -5*x - 10. Let v = x - -19. What is the greatest common factor of v and 2?
2
Suppose -l - 4 = v - 2*v, 0 = -2*l + 5*v - 20. Let f be 18 + l - (-6)/(-3). Let u be 1/(-4) - (-148)/f. What is the highest common divisor of 18 and u?
9
Let i(k) = -72*k. Let g be i(-1). Let w = 53 + -35. Calculate the highest common divisor of g and w.
18
Let g(n) = n**3 + 7*n**2 + 6. Let h be g(-7). Calculate the highest common divisor of h and 6.
6
Let n be (-10)/6*18/(-5). Calculate the greatest common factor of 48 and n.
6
Suppose 4*z - 5 - 3 = 0. Calculate the highest common factor of 14 and z.
2
Suppose 1 + 87 = 4*j. Let h(c) = -5*c - 11. Let p be h(-11). What is the greatest common factor of p and j?
22
Let d(b) = 3*b**2 + 6*b - 2. Let j be d(-6). Calculate the greatest common divisor of j and 105.
35
Let o be (4 - (1 - -1)) + 5. Let b(j) = j + 7. Let y be b(-5). Suppose y*k - 10 = 4. What is the highest common factor of k and o?
7
Let h(o) = -23*o - 1. Suppose l = 4*l - 6. Suppose 5*t = -7 + l. Let y be h(t). What is the highest common divisor of y and 55?
11
Let g = 9 - 7. Suppose -4*k + 52 = -g*k. Suppose 0 = 3*x - 2*z - 53, 2*z = 2*x - k - 6. Calculate the highest common divisor of 3 and x.
3
Let s = 28 + -17. Suppose -3*i = w - 99, 4*i - 3*w = -i + 165. Calculate the highest common factor of i and s.
11
Let m = 287 + -162. What is the highest common factor of m and 50?
25
Let g(n) = -n**2 + 3 + n - n + 8*n**2. Let s be g(3). Let j = s + -30. Calculate the highest common factor of j and 18.
18
Let g(q) = -q**2 + 7*q + 1. Let p be g(5). Let b(h) = -h**3 + 12*h**2 - 9*h - 6. Let k be b(p). What is the highest common divisor of k and 32?
16
Let y(x) = -x**3 - 6*x**2 + 7*x + 3. Let u be y(-7). What is the highest common factor of u and 24?
3
Let w(y) be the second derivative of y**4/12 + y**3/6 + 7*y**2/2 - y. Let p be w(7). Suppose 4*u = -u + 45. Calculate the greatest common factor of u and p.
9
Let g be 4*(141/12 - -2). Suppose g = -4*n + 195. Calculate the highest common factor of n and 7.
7
Suppose 5*l + 2*i - 58 = 7, 14 = -l + 5*i. Let k = -14 - -47. What is the highest common factor of k and l?
11
Let a(r) = -r - 4. Let t be a(-2). Let d be t + 255 - 0/4. Calculate the highest common divisor of 23 and d.
23
Let x(k) = -2*k**3 + k + 2. Let d be x(-1). Calculate the greatest common divisor of d and 1.
1
Let g(p) = p**3 - 3*p**2 - p + 3. Let d be g(4). Calculate the greatest common divisor of 6 and d.
3
Suppose n - 4*n - l = -28, -n + 6 = 2*l. Calculate the greatest common divisor of 110 and n.
10
Let f = 85 - 22. Calculate the greatest common divisor of f and 9.
9
Suppose x = -3*x, -4*f + 5*x + 12 = 0. Suppose 0*d - 5*d = -280. Suppose f*u = 5*u - d. Calculate the greatest common factor of u and 7.
7
Let h = 78 + -42. Calculate the highest common factor of 252 and h.
36
Suppose -j - a + 2 = 0, -a - 9 = -3*j + 9. Suppose j*q = 27 - 17. Calculate the greatest common divisor of 3 and q.
1
Suppose 9*p = 8*p + 220. Calculate the highest common factor of 20 and p.
20
Let y(u) = 2*u**2 + 6*u + 2. Let b be y(-4). What is the greatest common divisor of 2 and b?
2
Let b = -51 - -30. Let o = -11 - b. What is the highest common divisor of 70 and o?
10
Let h(n) = n**2 - 7*n + 9. Let o be h(7). Let t = o - -5. Let d(y) = -y**3 - y**2 - 3*y + 1. Let b be d(-3). Calculate the greatest common divisor of b and t.
14
Suppose 2*f = 5*f - 12. Suppose f*r = 12 - 0. Calculate the highest common divisor of 6 and r.
3
Let u(h) = -2*h + 11. Let z be u(9). Let y = z + 19. Calculate the highest common divisor of 84 and y.
12
Let q be 2 + -5 + 2 - 6. Let l = 8 + q. What is the greatest common divisor of l and 8?
1
Let v = -4 - -28. Calculate the highest common factor of v and 96.
24
Let x = -26 + 70. Suppose 4*g - 11 = -3*m + 1, -3*g = -4*m + 16. Calculate the highest common factor of m and x.
4
Let a(z) = z**3 + 3*z**2 + 2*z + 3. Let v be a(-2). Suppose -g + 4*g - v*b - 33 = 0, 0 = g - 4*b - 2. Calculate the highest common factor of 56 and g.
14
Let w be ((-2)/3)/((-2)/33). Calculate the greatest common divisor of w and 11.
11
Let i = -92 - -189. Let v = -25 + i. Calculate the highest common factor of v and 8.
8
Suppose t = 6*t - 1560. Calculate the greatest common factor of t and 39.
39
Let y = 239 - 127. Calculate the greatest common factor of 16 and y.
16
Let a = 2 - 0. Suppose -5*f + 32 = -3*x, -a*x + 4 = -4*f - 7*x. Let p be 4/((2/2)/f). Calculate the greatest common factor of p and 16.
16
Suppose -94 = -3*k + 3*y - 1, 5*k = 4*y + 150. What is the highest common factor of k and 2?
2
Suppose -2*v = 3*p - 52, 2*v - 2 = 4*p + 22. What is the greatest common factor of 60 and v?
20
Suppose 0 = 3*f - 5*w - 700, -3*w - 4 = -16. Calculate the greatest common divisor of f and 30.
30
Suppose -4*g + 2*g = 0. Suppose g = 5*i - 4 - 1. Let x(y) = -y + 2. Let t be x(1). Calculate the greatest common factor of i and t.
1
Suppose b = -b - 2*m + 82, -b + 43 = 3*m. What is the greatest common divisor of b and 5?
5
Suppose -30 = -3*t - 0*t. What is the greatest common factor of t and 110?
10
Suppose 0 = 2*f - 4*f + 12. Suppose -5*u + 36 = f. Suppose -42 = 2*v - 54. Calculate the highest common divisor of u and v.
6
Let p = 141 + -77. Calculate the greatest common factor of 16 and p.
16
Let c = -144 - -162. Calculate the greatest common divisor of 126 and c.
18
Let x be 1 - (2 - (-1 + 86)). Suppose 0*j + j = 12. Calculate the greatest common factor of j and x.
12
Suppose 4*g + 5*v = 133, 0*v - 5 = -v. What is the highest common divisor of 3 and g?
3
Suppose s = -5*y + 41, 0*s + s = -y + 5. What is the greatest common divisor of 99 and y?
9
Let u = -11 + 18. Let c(t) = -16*t + 2. Let r be c(4). Let f = -41 - r. Calculate the highest common factor of u and f.
7
Let x be (0 + 2 - 6)*-44. What is the highest common divisor of 16 and x?
16
Let i be -3 + (9/(-3) - -20). What is the highest common factor of 14 and i?
14
Suppose 0 = 2*g + 6 - 24. Let p be (2 - -1) + (g - 1). What is the highest common factor of 121 and p?
11
Let c be 13 + (3 - 4)*-3. What is the highest common factor of 16 and c?
16
Let l be 320 - 3*(3 - 4). Suppose 3*w + 380 = 5*j, 5*j - 2*w = 57 + l. Calculate the greatest common factor of j and 19.
19
Let n = -85 + 175. What is the greatest common factor of 10 and n?
10
Suppose 2*f + 5*g = 4*f + 17, 3*f + 4*g - 32 = 0. What is the greatest common factor of 2 and f?
2
Let o be (-1 + 9/5)/(4/1280). What is the highest common divisor of 32 and o?
32
Let h = 1 + 16. Let f be 1/(-1) + 0 + h. Calculate the greatest common factor of 2 and f.
2
Let o(q) = 2*q**3 + 6*q + 2. Let f be o(-4). Let u = -94 - f. Calculate the greatest common factor of u and 8.
8
Let u = 101 + -61. Calculate the greatest common factor of u and 440.
40
Let s(q) = 0*q - 4*q - 2 + 6*q. Let d be s(7). Let f be (-2)/(0 - (-1)/(-42)). What is the highest common factor of f and d?
12
Let q(a) = -5*a - 6. Let l be q(-4). Suppose -15 = -o - 2*t, 0*t = 2*o + 3*t - 33. Calculate the greatest common factor of l and o.
7
Let v(t) = t**3 + 10*t**2 + 7*t - 10. Let p = -9 + 0. Let d be v(p). Calculate the highest common factor of d and 4.
4
Suppose -2*w = -3 + 11. Let s(c) = -c - 3. Let y be s(w). Calculate the highest common factor of y and 2.
1
Suppose -2*w - 4 = -4*c, 3*w - 6*w = -c - 9. What is the greatest common factor of 24 and c?
3
Suppose -3*x = -2*x - 40. Suppose -59 = -4*r - 2*i - 15, x = 5*r - 5*i. Let s be r/(-45) - 1883/(-9). Calculate the highest common divisor of 19 and s.
19
Let g = 321 - 229. Calculate the greatest common divisor of 23 and g.
23
Let j(p) = p**2 + 3*p - 1. Let x be j(-6). Let h(t) = -17*t. Let m be h(-5). Calculate the greatest common divisor of x and m.
17
Let z = 6 - 4. Let b be -2 - (14/(-49) - 26/7). Calculate the highest common divisor of z and b.
2
Let k be 106/10 - (-50)/125. Let b = -1 + 2. Calculate the highest common di